{"id":249,"date":"2025-04-20T15:47:42","date_gmt":"2025-04-20T13:47:42","guid":{"rendered":"https:\/\/agreg-speciale.ovh\/?page_id=249"},"modified":"2025-05-30T15:59:48","modified_gmt":"2025-05-30T13:59:48","slug":"lp-18-interferometrie-a-division-damplitude","status":"publish","type":"page","link":"https:\/\/agreg-speciale.ovh\/index.php\/lp-18-interferometrie-a-division-damplitude\/","title":{"rendered":"LP-18 Interf\u00e9rom\u00e9trie \u00e0 division d&#8217;amplitude"},"content":{"rendered":"\n<p><a href=\"https:\/\/agreg-speciale.ovh\/wp-content\/uploads\/2025\/05\/LP_18_Interferometrie_a_division_d_amplitude_cours.pdf\" data-type=\"attachment\" data-id=\"377\" target=\"_blank\" rel=\"noreferrer noopener\">18-Cours Slim<\/a><br><a href=\"https:\/\/agreg-speciale.ovh\/wp-content\/uploads\/2025\/05\/Interferometrie_division_amplitude_notes.pdf\" data-type=\"attachment\" data-id=\"378\" target=\"_blank\" rel=\"noreferrer noopener\">18-Notes derniere version<\/a><br><a href=\"https:\/\/agreg-speciale.ovh\/wp-content\/uploads\/2025\/04\/18-Notes.pdf\" data-type=\"attachment\" data-id=\"264\" target=\"_blank\" rel=\"noreferrer noopener\">18- Notes<\/a><br><a href=\"https:\/\/agreg-speciale.ovh\/wp-content\/uploads\/2025\/05\/LP_18_Interferometrie_a_division_d_amplitude_slide.pdf\" data-type=\"attachment\" data-id=\"376\" target=\"_blank\" rel=\"noreferrer noopener\">18- Slide<\/a><\/p>\n\n\n\n<p>Animations<br><a href=\"https:\/\/www.geogebra.org\/m\/frKnrk2e\" data-type=\"link\" data-id=\"https:\/\/www.geogebra.org\/m\/frKnrk2e\" target=\"_blank\" rel=\"noreferrer noopener\">Michelson egale inclinaition<\/a><\/p>\n\n\n\n<p><\/p>\n","protected":false},"excerpt":{"rendered":"<p>18-Cours Slim18-Notes derniere version18- Notes18- Slide AnimationsMichelson egale inclinaition<\/p>\n","protected":false},"author":1,"featured_media":0,"parent":0,"menu_order":0,"comment_status":"closed","ping_status":"closed","template":"","meta":{"footnotes":""},"class_list":["post-249","page","type-page","status-publish","hentry"],"_links":{"self":[{"href":"https:\/\/agreg-speciale.ovh\/index.php\/wp-json\/wp\/v2\/pages\/249","targetHints":{"allow":["GET"]}}],"collection":[{"href":"https:\/\/agreg-speciale.ovh\/index.php\/wp-json\/wp\/v2\/pages"}],"about":[{"href":"https:\/\/agreg-speciale.ovh\/index.php\/wp-json\/wp\/v2\/types\/page"}],"author":[{"embeddable":true,"href":"https:\/\/agreg-speciale.ovh\/index.php\/wp-json\/wp\/v2\/users\/1"}],"replies":[{"embeddable":true,"href":"https:\/\/agreg-speciale.ovh\/index.php\/wp-json\/wp\/v2\/comments?post=249"}],"version-history":[{"count":6,"href":"https:\/\/agreg-speciale.ovh\/index.php\/wp-json\/wp\/v2\/pages\/249\/revisions"}],"predecessor-version":[{"id":379,"href":"https:\/\/agreg-speciale.ovh\/index.php\/wp-json\/wp\/v2\/pages\/249\/revisions\/379"}],"wp:attachment":[{"href":"https:\/\/agreg-speciale.ovh\/index.php\/wp-json\/wp\/v2\/media?parent=249"}],"curies":[{"name":"wp","href":"https:\/\/api.w.org\/{rel}","templated":true}]}}